. What is the highest common factor of c and s?
15
Suppose 0*w - 8 = -w. Suppose 0 = 4*l + 5*d - 7, 4*l = 4*d + 8 + w. Suppose 6*r - l*r = 30. What is the greatest common divisor of r and 110?
10
Let u(t) = t**2 + 14*t - 4 - 3 + 2. Let a be u(-15). Calculate the highest common factor of 90 and a.
10
Let p(t) = 20*t**2 + 50*t + 16. Let z(y) = 7*y**2 + 17*y + 5. Let r(n) = 4*p(n) - 11*z(n). Let a be r(-6). What is the greatest common factor of 13 and a?
13
Let t = 922 - 916. What is the highest common factor of 92 and t?
2
Let j = 18 + -25. Let h be j/((-7)/33) + 0. What is the highest common divisor of 3 and h?
3
Suppose t + 302 = -4*n + 17, 0 = 5*n - 4*t + 372. Let y = n - -163. What is the highest common divisor of 13 and y?
13
Suppose 5*h = -4*y + 333, h + 4*h + 360 = 5*y. Let j = y + 23. What is the highest common divisor of 20 and j?
20
Let p = -8 - -25. Let y = -748 - -816. What is the highest common factor of y and p?
17
Let u be (6*(-3 - -2))/(25/(-850)). What is the highest common divisor of 36 and u?
12
Let u(r) = 14*r**2 - r. Let b be u(1). Let w be b/2 + 2/(-4). Let i be (-125)/(-2) - (-3)/w. Calculate the greatest common divisor of i and 7.
7
Suppose 0 = -r + 2*r - 1. Suppose 4*s - 31 = r. Let y be ((-48)/15)/(((-65)/(-50))/(-13)). Calculate the greatest common divisor of y and s.
8
Suppose 0 = -b + 10 - 9. Suppose k + b = 28. What is the greatest common divisor of 9 and k?
9
Let p be (-22)/((-1 - 1) + 1). Suppose 0 = -4*j + x + 1271, -1384 = -5*j + 4*x + 213. Suppose 5*m = j + 123. What is the highest common factor of p and m?
22
Let g = -209 - -241. Calculate the highest common factor of g and 4.
4
Let u(t) = 8*t + 1 + 2*t**2 + t**2 + 2. Let m be u(-5). Let p(q) = q**3 - 6*q**2 - 9*q + 1. Let d be p(8). What is the greatest common divisor of d and m?
19
Suppose -9*k + 3620 = -5*k - 5*n, 1808 = 2*k - 3*n. Calculate the greatest common divisor of 70 and k.
70
Let v = 182 - -691. Calculate the highest common factor of v and 9.
9
Let x be 0 + (-2 + 4 + -4 - -119). Calculate the greatest common factor of 27 and x.
9
Let q be (7 - 3)/(2/3). Let b be q/(-12)*(3/3 - 485). Calculate the greatest common factor of 22 and b.
22
Suppose 5*z + 0 - 97 = -2*f, 0 = 4*z + 12. What is the highest common divisor of f and 1232?
56
Let f(m) = -2*m**2 - 20*m + 4. Let p be f(-10). Suppose 2*g - 3*o = 38, p*g - 5*o - 46 = 30. What is the greatest common factor of 19 and g?
19
Let x(g) = -g + 10. Let k be x(7). Let v be 34/10 + 86/(-215). What is the highest common factor of v and k?
3
Let o = -799 - -1534. Calculate the highest common factor of 105 and o.
105
Suppose -5*q + 3*j + 8 - 3 = 0, -4*q + 4 = -3*j. Let s = q - -27. Let d be (((-576)/(-28))/(-6))/(86/(-6321)). Calculate the highest common factor of s and d.
28
Suppose 0 = -2*u + 4*p + 78, 5*u + 0*p = -4*p + 223. Suppose u = 4*q + 3. Suppose 0 = 6*b - q*b + 184. What is the greatest common factor of b and 69?
23
Suppose -2*y + 5 = -3, -30 = -5*z - 5*y. Suppose 11*x = 12*x - z. Suppose 0 = -4*a + 11 - 3. Calculate the highest common divisor of x and a.
2
Suppose 11*j - 23 = 21. Calculate the greatest common factor of 68 and j.
4
Let b be (-2)/5 - (-294)/10. Let r(a) = -5*a + 71. Let g be r(-9). What is the greatest common factor of g and b?
29
Suppose -108 = 31*p - 40*p. Calculate the greatest common divisor of 6 and p.
6
Let p = 95 - 93. Suppose 0 = -d - 4, p*u = u + 2*d + 28. What is the greatest common factor of u and 16?
4
Let j(b) = 8*b**2 - 14*b - 2. Let o be j(-4). What is the greatest common factor of o and 14?
14
Let i be 2 - 9/6 - 52/8. Let b be i/21 - (-4 - 284/14). Let l(n) = 10*n**2 - 3*n - 3. Let o be l(-3). Calculate the highest common factor of b and o.
24
Suppose h + 3*a = 14, 0*a = -5*h + a + 70. Let t = -401 + 611. Suppose 5*n - t = 2*n. Calculate the highest common factor of n and h.
14
Suppose -o - 3*o = -5*o. Suppose -3*r = -3*b - 66, b + 3 = -o*b. What is the greatest common factor of r and 133?
19
Suppose -3*i + 5*i + 136 = 4*j, -5*i = 4*j - 136. What is the highest common factor of 68 and j?
34
Let d(j) = 4*j**2 - 14*j + 106. Let g be d(7). Calculate the highest common factor of g and 30.
6
Let t be (-385)/(-28) + (-2)/(-8). Calculate the greatest common divisor of 35 and t.
7
Let a = 124 - 98. Calculate the highest common divisor of 52 and a.
26
Let m = -64 + 58. Let n be 3/m*-2 - (-502)/2. Calculate the greatest common factor of 36 and n.
36
Suppose -27*y - 20 = -32*y. Let k be 47/3 + 2/6. What is the highest common divisor of k and y?
4
Let u = -1624 + 1772. Calculate the highest common divisor of 12 and u.
4
Let k(s) = s**3 + 36*s**2 - 122*s - 24. Let i be k(-39). What is the greatest common divisor of i and 63?
9
Let f be (612/(-24))/((-2)/(-4)). Let p be f/(-6) + 8/(-16). Suppose 52 = 4*m + 20. Calculate the greatest common divisor of m and p.
8
Let f be (-27 + 1)/(-2) - -3*1. Calculate the greatest common factor of 40 and f.
8
Suppose -9*f - 308 = 5*f. Let t be -1 - f/18 - (-1180)/36. Calculate the greatest common factor of 3 and t.
3
Let o(q) = -11*q - 6. Let n be o(4). Let s = -35 - n. What is the highest common divisor of s and 15?
15
Let c be -2*(3 + 13)*1. Let t be ((0 + 1)*3)/((-2)/c). Calculate the highest common divisor of 32 and t.
16
Let w(o) = 11*o**2 + 1. Let r be w(-1). Let j = 35 - r. Let k = 113 - 67. What is the highest common factor of k and j?
23
Let m be ((-182)/(-4) + -2)*26/(-39). Let n = 39 + m. Calculate the highest common divisor of 10 and n.
10
Let z = -70 - -72. Let i be ((-12)/(3/(-1)))/(z + 0). Calculate the greatest common factor of 34 and i.
2
Suppose 3*r - 15 = -b, 3*b + 0*r = -4*r + 30. Let z be b/6 - (1 + -2 + -2). Calculate the greatest common factor of 20 and z.
4
Let t be 1 + (1 + 1)/2. Suppose -t*k - 32 = 4. Let y = k - -31. Calculate the highest common factor of y and 91.
13
Suppose 6*i + 10 = i. Let o be 21/((-5)/3 - i). Suppose 5*q + m = 38, -612*m = -613*m - 7. Calculate the greatest common factor of q and o.
9
Suppose -2*n - n - 3 = -3*t, 14 = 5*t - 2*n. Suppose -9*d + 45 = -t*d. What is the greatest common factor of d and 18?
9
Let s be (-1 + (-2 - 2))*96/(-10). Calculate the greatest common divisor of s and 1776.
48
Let c be (-2629)/(-6) + 2 - (-59)/(-354). What is the greatest common factor of c and 5?
5
Suppose 2*d + 4*n + 218 = 4*d, -3*d - n + 292 = 0. Suppose 4*c - 29 = 7. Calculate the highest common factor of c and d.
9
Suppose 2*s - 40 = -4. What is the greatest common factor of 558 and s?
18
Let n = 281 - 179. What is the greatest common divisor of 136 and n?
34
Suppose -5*i + 3*i = -3*u - 32, i - 3*u - 16 = 0. Let n = 8 - -168. Calculate the highest common factor of i and n.
16
Let s(d) be the second derivative of -d**3/3 - 21*d**2 + 2*d. Let j be s(-27). What is the greatest common divisor of 132 and j?
12
Suppose 0 = -4*q + i - 56, 7*i - 14 = q + 2*i. Suppose 541 = 7*y + 163. Let a = y + q. Calculate the highest common factor of 5 and a.
5
Suppose 21 = -g + 4*a + 6, -3*a + 30 = 3*g. Suppose -2*s - 5*l + 184 = -3*l, g*s + 4*l - 456 = 0. What is the highest common divisor of 8 and s?
8
Let z = 53 - -42. Calculate the highest common divisor of z and 19.
19
Let j(w) be the third derivative of -w**6/120 + 7*w**5/20 - 3*w**4/4 - 2*w**3/3 - 2*w**2. Let c be j(20). What is the highest common divisor of c and 18?
18
Let k(g) = -g**3 + 13*g**2 - 23*g + 20. Let n be k(11). Calculate the highest common factor of n and 63.
9
Let s be (18 - 8)*(-14)/(-5). Let l = s - 2. Calculate the highest common factor of 234 and l.
26
Let j = 8 - -4. Let a(r) = -2*r**3 - 33*r**2 + 16*r - 19. Let b be a(-17). Let u be (-16)/j*81/b. What is the highest common factor of 6 and u?
6
Let w be (-4)/3 + (-32)/48. Let v be (-2)/(-1) + (-6)/w. Suppose 0 = -3*n + n - 4*d + 80, v*n + 2*d - 216 = 0. What is the highest common factor of n and 11?
11
Suppose -2*t - 13 - 7 = 0. Let l be -1 - t - (12 - 9). Let x be (-69)/l*2*-3. Calculate the highest common divisor of x and 46.
23
Let n(w) = 3*w**2 + 4*w + 4. Let t be n(-4). Suppose j - t = -3*i, 0 = -5*j - 3*i - 0*i + 216. Calculate the greatest common divisor of j and 5.
5
Suppose 4*l = -4*l + 872. Suppose -k + 2*m = 57, -4*k - 359 = -5*m - 125. Let u = k + l. What is the greatest common factor of u